{"id":4757,"date":"2026-09-03T14:31:27","date_gmt":"2026-09-03T12:31:27","guid":{"rendered":"https:\/\/ezequiel-garcia-romeu.com\/?post_type=tribe_events&#038;p=4757"},"modified":"2026-09-03T14:33:01","modified_gmt":"2026-09-03T12:33:01","slug":"representations-et-ateliers-reve-veillee-festival-les-buissonnieres-lentre-pont-le-109-nice","status":"publish","type":"tribe_events","link":"https:\/\/ezequiel-garcia-romeu.com\/en\/event\/representations-et-ateliers-reve-veillee-festival-les-buissonnieres-lentre-pont-le-109-nice\/","title":{"rendered":"Repr\u00e9sentations et ateliers : R\u00eave &#038; Veill\u00e9e \u2014 Festival Les Buissonni\u00e8res, L&rsquo;Entre-Pont, Le 109, Nice"},"content":{"rendered":"<p>Deux repr\u00e9sentations de <em>DayDream<\/em> seront jou\u00e9es au \u00e0 l&rsquo;Entre-Pont, au 109 \u00e0 Nice, le samedi 17 octobre 2026 \u00e0 10h et 15h, dans le cadre du festival Les Buissonni\u00e8res. Les repr\u00e9sentations seront suivies d&rsquo;ateliers parents-enfants de th\u00e9\u00e2tre d&rsquo;ombres.<\/p>","protected":false},"excerpt":{"rendered":"<p>Deux repr\u00e9sentations de R\u00eave &amp; Veill\u00e9e seront jou\u00e9es au \u00e0 l&rsquo;Entre-Pont, au 109 \u00e0 Nice, le samedi 17 octobre 2026 \u00e0 10h et 15h, dans le cadre du festival Les [&hellip;]<\/p>\n","protected":false},"author":3,"featured_media":3923,"template":"","meta":{"_tribe_events_status":"","_tribe_events_status_reason":"","footnotes":""},"tags":[],"tribe_events_cat":[13,7,15],"class_list":["post-4757","tribe_events","type-tribe_events","status-publish","has-post-thumbnail","hentry","tribe_events_cat-ateliers","tribe_events_cat-representations","tribe_events_cat-transmissions","cat_ateliers","cat_representations","cat_transmissions"],"_links":{"self":[{"href":"https:\/\/ezequiel-garcia-romeu.com\/en\/wp-json\/wp\/v2\/tribe_events\/4757","targetHints":{"allow":["GET"]}}],"collection":[{"href":"https:\/\/ezequiel-garcia-romeu.com\/en\/wp-json\/wp\/v2\/tribe_events"}],"about":[{"href":"https:\/\/ezequiel-garcia-romeu.com\/en\/wp-json\/wp\/v2\/types\/tribe_events"}],"author":[{"embeddable":true,"href":"https:\/\/ezequiel-garcia-romeu.com\/en\/wp-json\/wp\/v2\/users\/3"}],"version-history":[{"count":3,"href":"https:\/\/ezequiel-garcia-romeu.com\/en\/wp-json\/wp\/v2\/tribe_events\/4757\/revisions"}],"predecessor-version":[{"id":4762,"href":"https:\/\/ezequiel-garcia-romeu.com\/en\/wp-json\/wp\/v2\/tribe_events\/4757\/revisions\/4762"}],"wp:featuredmedia":[{"embeddable":true,"href":"https:\/\/ezequiel-garcia-romeu.com\/en\/wp-json\/wp\/v2\/media\/3923"}],"wp:attachment":[{"href":"https:\/\/ezequiel-garcia-romeu.com\/en\/wp-json\/wp\/v2\/media?parent=4757"}],"wp:term":[{"taxonomy":"post_tag","embeddable":true,"href":"https:\/\/ezequiel-garcia-romeu.com\/en\/wp-json\/wp\/v2\/tags?post=4757"},{"taxonomy":"tribe_events_cat","embeddable":true,"href":"https:\/\/ezequiel-garcia-romeu.com\/en\/wp-json\/wp\/v2\/tribe_events_cat?post=4757"}],"curies":[{"name":"wp","href":"https:\/\/api.w.org\/{rel}","templated":true}]}}

Représentations et ateliers : Rêve &#038; Veillée — Festival Les Buissonnières, L&rsquo;Entre-Pont, Le 109, Nice

<p>Deux représentations de <em>DayDream</em> seront jouées au à l&rsquo;Entre-Pont, au 109 à Nice, le samedi 17 octobre 2026 à 10h et 15h, dans le cadre du festival Les Buissonnières. Les représentations seront suivies d&rsquo;ateliers parents-enfants de théâtre d&rsquo;ombres.</p>

<p>Deux représentations de Rêve &amp; Veillée seront jouées au à l&rsquo;Entre-Pont, au 109 à Nice, le samedi 17 octobre 2026 à 10h et 15h, dans le cadre du festival Les [&hellip;]</p>
